{"id":511,"date":"2018-02-24T10:01:07","date_gmt":"2018-02-24T10:01:07","guid":{"rendered":"http:\/\/theme.ridianur.com\/hampoz\/?page_id=511"},"modified":"2018-02-24T10:01:07","modified_gmt":"2018-02-24T10:01:07","slug":"blog-sidebar","status":"publish","type":"page","link":"https:\/\/rcpeng.com.br\/index.php\/blog-sidebar\/","title":{"rendered":"Blog Sidebar"},"content":{"rendered":"\t\t<div data-elementor-type=\"wp-page\" data-elementor-id=\"511\" class=\"elementor elementor-511 elementor-bc-flex-widget\" data-elementor-settings=\"[]\">\n\t\t\t\t\t\t<div class=\"elementor-inner\">\n\t\t\t\t\t\t\t<div class=\"elementor-section-wrap\">\n\t\t\t\t\t\t\t<section class=\"elementor-section elementor-top-section elementor-element elementor-element-6d557be8 elementor-section-boxed elementor-section-height-default elementor-section-height-default\" data-id=\"6d557be8\" data-element_type=\"section\">\n\t\t\t\t\t\t<div class=\"elementor-container elementor-column-gap-wider\">\n\t\t\t\t\t\t\t<div class=\"elementor-row\">\n\t\t\t\t\t<div class=\"elementor-column elementor-col-100 elementor-top-column elementor-element elementor-element-4cea249d\" data-id=\"4cea249d\" data-element_type=\"column\">\n\t\t\t<div class=\"elementor-column-wrap elementor-element-populated\">\n\t\t\t\t\t\t\t<div class=\"elementor-widget-wrap\">\n\t\t\t\t\t\t<div class=\"elementor-element elementor-element-62c20b0 elementor-widget elementor-widget-rdn-slider\" data-id=\"62c20b0\" data-element_type=\"widget\" data-settings=\"{&quot;slider_speed&quot;:5000}\" data-widget_type=\"rdn-slider.default\">\n\t\t\t\t<div class=\"elementor-widget-container\">\n\t\t\t        \r\n        \r\n        <div class=\"slider home-slider  ani-slider  clearfix\" data-slick='{\"autoplaySpeed\": 5000}'>\r\n        \r\n\t\t\t                \r\n                <div class=\"item slide clearfix\">\r\n                \r\n                  <div class=\"slider-img-bg\" data-animation=\"puffIn\" data-delay=\"0.2s\" data-animation-duration=\"0.7s\"  \r\n                  style=\"background-image:url(http:\/\/theme.ridianur.com\/hampoz\/wp-content\/uploadz\/2018\/02\/blog8.jpg);\" ><\/div>\r\n                  \r\n                  <div class=\"slider-mask\" data-animation=\"slideUpReturn\" data-delay=\"0.1s\"><\/div>\r\n                  \r\n                  <div class=\"caption-box clearfix\">\r\n                      \r\n                      <div class=\"slider-box container-fluid\">\r\n                      <div class=\"slider-content\">\r\n                      \r\n                      \t                            \r\n                          <div class=\"slider-hidden\">\r\n                              <h3 class=\"slider-title\" data-animation=\"fadeInUp\" data-delay=\"0.8s\">Blog with<br \/> Sidebar<span>.<\/span><\/h3>\r\n                          <\/div><!--\/.slider-hidden-->\r\n                          \r\n                                                    <div class=\"slider-line\"  data-animation=\"swashIn\" data-delay=\"0.5s\"><\/div>\r\n                                                    \r\n                                                    \r\n                                                        \r\n                      <\/div><!--\/.slider-content-->\r\n                  <\/div><!--\/.slider-box-->\r\n                  \r\n                     \r\n                      \r\n                  <\/div><!--\/.caption-box-->\r\n                <\/div><!--\/.slide-->\r\n\t\t\t\t\r\n\t\t\t\t\t\t<\/div>\r\n\t\t\r\n\t\t\r\n\t\t\t\t<\/div>\n\t\t\t\t<\/div>\n\t\t\t\t\t\t<\/div>\n\t\t\t\t\t<\/div>\n\t\t<\/div>\n\t\t\t\t\t\t\t\t<\/div>\n\t\t\t\t\t<\/div>\n\t\t<\/section>\n\t\t\t\t<section class=\"elementor-section elementor-top-section elementor-element elementor-element-6376ae3 elementor-section-boxed elementor-section-height-default elementor-section-height-default\" data-id=\"6376ae3\" data-element_type=\"section\" data-settings=\"{&quot;background_background&quot;:&quot;classic&quot;,&quot;shape_divider_top&quot;:&quot;tilt&quot;}\">\n\t\t\t\t\t<div class=\"elementor-shape elementor-shape-top\" data-negative=\"false\">\n\t\t\t<svg xmlns=\"http:\/\/www.w3.org\/2000\/svg\" viewBox=\"0 0 1000 100\" preserveAspectRatio=\"none\">\n\t<path class=\"elementor-shape-fill\" d=\"M0,6V0h1000v100L0,6z\"\/>\n<\/svg>\t\t<\/div>\n\t\t\t\t\t<div class=\"elementor-container elementor-column-gap-wider\">\n\t\t\t\t\t\t\t<div class=\"elementor-row\">\n\t\t\t\t\t<div class=\"elementor-column elementor-col-33 elementor-top-column elementor-element elementor-element-22b2d75a elementor-invisible\" data-id=\"22b2d75a\" data-element_type=\"column\" data-settings=\"{&quot;background_background&quot;:&quot;classic&quot;,&quot;animation&quot;:&quot;fadeIn&quot;,&quot;animation_delay&quot;:200}\">\n\t\t\t<div class=\"elementor-column-wrap elementor-element-populated\">\n\t\t\t\t\t\t\t<div class=\"elementor-widget-wrap\">\n\t\t\t\t\t\t<div class=\"elementor-element elementor-element-8b2a67f elementor-widget elementor-widget-hampoz-sidebar\" data-id=\"8b2a67f\" data-element_type=\"widget\" data-widget_type=\"hampoz-sidebar.default\">\n\t\t\t\t<div class=\"elementor-widget-container\">\n\t\t\t\t\t\t\t<!--SIDEBAR START-->\r\n                <div class=\"hampoz-sidebar clearfix\">\r\n                \t                <\/div><!--\/.sidebar-->\r\n                <!--SIDEBAR END-->\r\n\t\t\t\t<\/div>\n\t\t\t\t<\/div>\n\t\t\t\t\t\t<\/div>\n\t\t\t\t\t<\/div>\n\t\t<\/div>\n\t\t\t\t<div class=\"elementor-column elementor-col-66 elementor-top-column elementor-element elementor-element-1536b572 elementor-invisible\" data-id=\"1536b572\" data-element_type=\"column\" data-settings=\"{&quot;animation&quot;:&quot;fadeIn&quot;,&quot;animation_delay&quot;:600}\">\n\t\t\t<div class=\"elementor-column-wrap elementor-element-populated\">\n\t\t\t\t\t\t\t<div class=\"elementor-widget-wrap\">\n\t\t\t\t\t\t<div class=\"elementor-element elementor-element-3737f7c elementor-widget elementor-widget-hampoz-post-three\" data-id=\"3737f7c\" data-element_type=\"widget\" data-widget_type=\"hampoz-post-three.default\">\n\t\t\t\t<div class=\"elementor-widget-container\">\n\t\t\t        \t\t\t<div class=\"blog-post-list row clearfix blog-body\">\r\n                         \r\n                        <div class=\"col-md-12\">\r\n                        \t<div class=\"blog-col-inner blog-style-three\">\r\n\t\t\t\t\t\t\t\t                                 <a class=\"blog-link-img blog-imgbg\" href=\"https:\/\/rcpeng.com.br\/index.php\/2020\/12\/23\/como-escolher-lampadas-corretamente\/\" style=\"background-image:url(https:\/\/rcpeng.com.br\/wp-content\/uploads\/2020\/12\/lampadas-halogenas.jpg)\">\r\n                                 \t<div class=\"blogmask\"><\/div>\r\n                                 <\/a>\r\n                                                                      \r\n                                \r\n                                \r\n                                <div class=\"excerpt-box\">\r\n                                    <a href=\"https:\/\/rcpeng.com.br\/index.php\/2020\/12\/23\/como-escolher-lampadas-corretamente\/\"><h3>Como escolher l\u00e2mpadas corretamente<\/h3><\/a>\r\n                                    \r\n                                                                        <ul class=\"post-meta\">\r\n                                        <li><i class=\"fa fa-user\"><\/i> <a href=\"https:\/\/rcpeng.com.br\/index.php\/author\/rcpeng\/\" title=\"Posts by rcpeng\" rel=\"author\">rcpeng<\/a><\/li>\r\n                                        <li><i class=\"fa fa-clock-o\"><\/i> 23 de December de 2020<\/li>\r\n                                    <\/ul>\r\n                                                                        \r\n                                                                        \r\n                                                                        <p>\r\n                                        1. CONSIDERE A UTILIZA\u00c7\u00c3O DO ESPA\u00c7O Antes de escolher l\u00e2mpadas e lumin\u00e1rias para um ambiente, avalie o prop\u00f3sito, o estilo e o tamanho dele. Dessa forma, ser\u00e1 poss\u00edvel comp...                                    <\/p>\r\n                                                                        \r\n                                                                        \r\n                                                                            <div class=\"spacing20 clearboth\"><\/div>\r\n                                        <a class=\"content-btn\" href=\"https:\/\/rcpeng.com.br\/index.php\/2020\/12\/23\/como-escolher-lampadas-corretamente\/\">Read More<\/a>\r\n                                        <div class=\"spacing20 clearboth\"><\/div>\r\n                                                                    <\/div>\r\n                                \r\n                            <\/div>\r\n                            <div class=\"spacing30 clearboth\"><\/div>\r\n                        <\/div>\r\n                        \r\n                         \r\n                        <div class=\"col-md-12\">\r\n                        \t<div class=\"blog-col-inner blog-style-three\">\r\n\t\t\t\t\t\t\t\t                                 <a class=\"blog-link-img blog-imgbg\" href=\"https:\/\/rcpeng.com.br\/index.php\/2020\/12\/23\/paineis-pre-moldados\/\" style=\"background-image:url(https:\/\/rcpeng.com.br\/wp-content\/uploads\/2020\/12\/Paineis_Fachada_Betao_-_2.jpg)\">\r\n                                 \t<div class=\"blogmask\"><\/div>\r\n                                 <\/a>\r\n                                                                      \r\n                                \r\n                                \r\n                                <div class=\"excerpt-box\">\r\n                                    <a href=\"https:\/\/rcpeng.com.br\/index.php\/2020\/12\/23\/paineis-pre-moldados\/\"><h3>Pain\u00e9is Pr\u00e9 Moldados<\/h3><\/a>\r\n                                    \r\n                                                                        <ul class=\"post-meta\">\r\n                                        <li><i class=\"fa fa-user\"><\/i> <a href=\"https:\/\/rcpeng.com.br\/index.php\/author\/rcpeng\/\" title=\"Posts by rcpeng\" rel=\"author\">rcpeng<\/a><\/li>\r\n                                        <li><i class=\"fa fa-clock-o\"><\/i> 23 de December de 2020<\/li>\r\n                                    <\/ul>\r\n                                                                        \r\n                                                                        \r\n                                                                        <p>\r\n                                        Pain\u00e9is pr\u00e9-moldados Uma das tecnologias e inova\u00e7\u00f5es que mais est\u00e3o presentes no mercado, os pain\u00e9is pr\u00e9-moldados s\u00e3o uma forma diferente, din\u00e2mica e \u00e1gil de se fazer par...                                    <\/p>\r\n                                                                        \r\n                                                                        \r\n                                                                            <div class=\"spacing20 clearboth\"><\/div>\r\n                                        <a class=\"content-btn\" href=\"https:\/\/rcpeng.com.br\/index.php\/2020\/12\/23\/paineis-pre-moldados\/\">Read More<\/a>\r\n                                        <div class=\"spacing20 clearboth\"><\/div>\r\n                                                                    <\/div>\r\n                                \r\n                            <\/div>\r\n                            <div class=\"spacing30 clearboth\"><\/div>\r\n                        <\/div>\r\n                        \r\n                         \r\n                        <div class=\"col-md-12\">\r\n                        \t<div class=\"blog-col-inner blog-style-three\">\r\n\t\t\t\t\t\t\t\t                                 <a class=\"blog-link-img blog-imgbg\" href=\"https:\/\/rcpeng.com.br\/index.php\/2020\/12\/23\/qual-e-a-melhor-altura-para-tomadas\/\" style=\"background-image:url(https:\/\/rcpeng.com.br\/wp-content\/uploads\/2020\/12\/tomadas-de-10e-20a.jpg)\">\r\n                                 \t<div class=\"blogmask\"><\/div>\r\n                                 <\/a>\r\n                                                                      \r\n                                \r\n                                \r\n                                <div class=\"excerpt-box\">\r\n                                    <a href=\"https:\/\/rcpeng.com.br\/index.php\/2020\/12\/23\/qual-e-a-melhor-altura-para-tomadas\/\"><h3>Qual \u00e9 a melhor altura para tomadas?<\/h3><\/a>\r\n                                    \r\n                                                                        <ul class=\"post-meta\">\r\n                                        <li><i class=\"fa fa-user\"><\/i> <a href=\"https:\/\/rcpeng.com.br\/index.php\/author\/rcpeng\/\" title=\"Posts by rcpeng\" rel=\"author\">rcpeng<\/a><\/li>\r\n                                        <li><i class=\"fa fa-clock-o\"><\/i> 23 de December de 2020<\/li>\r\n                                    <\/ul>\r\n                                                                        \r\n                                                                        \r\n                                                                        <p>\r\n                                        Na hora de projetar os ambientes todo profissional segue medidas e normas pr\u00e9 estabelecias para cada tipo de servi\u00e7o. \u2800 Para altura de tomadas e interruptores n\u00e3o \u00e9 diferente...                                    <\/p>\r\n                                                                        \r\n                                                                        \r\n                                                                            <div class=\"spacing20 clearboth\"><\/div>\r\n                                        <a class=\"content-btn\" href=\"https:\/\/rcpeng.com.br\/index.php\/2020\/12\/23\/qual-e-a-melhor-altura-para-tomadas\/\">Read More<\/a>\r\n                                        <div class=\"spacing20 clearboth\"><\/div>\r\n                                                                    <\/div>\r\n                                \r\n                            <\/div>\r\n                            <div class=\"spacing30 clearboth\"><\/div>\r\n                        <\/div>\r\n                        \r\n                                           <\/div> \r\n                   \r\n                   <!--pagination--> \r\n                   \t\t<\/div>\n\t\t\t\t<\/div>\n\t\t\t\t\t\t<\/div>\n\t\t\t\t\t<\/div>\n\t\t<\/div>\n\t\t\t\t\t\t\t\t<\/div>\n\t\t\t\t\t<\/div>\n\t\t<\/section>\n\t\t\t\t\t\t<\/div>\n\t\t\t\t\t\t<\/div>\n\t\t\t\t\t<\/div>\n\t\t","protected":false},"excerpt":{"rendered":"<p>Blog with Sidebar. Hampoz Modern Interior She packed her seven versalia, put her initial into the belt and made herself on the way. When she reached the first hills of the Italic Mountains Pityful a rethoric question ran over her cheek, then she continued her way. On her way she met a copy. The copy warned the Little Blind Text, &hellip;<\/p>\n","protected":false},"author":1,"featured_media":0,"parent":0,"menu_order":0,"comment_status":"closed","ping_status":"closed","template":"blank-builder.php","meta":[],"_links":{"self":[{"href":"https:\/\/rcpeng.com.br\/index.php\/wp-json\/wp\/v2\/pages\/511"}],"collection":[{"href":"https:\/\/rcpeng.com.br\/index.php\/wp-json\/wp\/v2\/pages"}],"about":[{"href":"https:\/\/rcpeng.com.br\/index.php\/wp-json\/wp\/v2\/types\/page"}],"author":[{"embeddable":true,"href":"https:\/\/rcpeng.com.br\/index.php\/wp-json\/wp\/v2\/users\/1"}],"replies":[{"embeddable":true,"href":"https:\/\/rcpeng.com.br\/index.php\/wp-json\/wp\/v2\/comments?post=511"}],"version-history":[{"count":1,"href":"https:\/\/rcpeng.com.br\/index.php\/wp-json\/wp\/v2\/pages\/511\/revisions"}],"predecessor-version":[{"id":1054,"href":"https:\/\/rcpeng.com.br\/index.php\/wp-json\/wp\/v2\/pages\/511\/revisions\/1054"}],"wp:attachment":[{"href":"https:\/\/rcpeng.com.br\/index.php\/wp-json\/wp\/v2\/media?parent=511"}],"curies":[{"name":"wp","href":"https:\/\/api.w.org\/{rel}","templated":true}]}}